{"id":323,"date":"2021-02-11T15:09:09","date_gmt":"2021-02-11T14:09:09","guid":{"rendered":"http:\/\/aucapvert.com\/?page_id=323"},"modified":"2021-02-11T15:09:09","modified_gmt":"2021-02-11T14:09:09","slug":"sao-vicente","status":"publish","type":"page","link":"http:\/\/aucapvert.com\/?page_id=323","title":{"rendered":"S\u00e3o Vicente"},"content":{"rendered":"<style type=\"text\/css\">\r\n\t.ads_top_disp{}\r\n\t.ads_top_corner_disp{ float:left; margin:0px 10px 10px 0px; }\r\n\t.ads_first_p_disp{}\r\n\t.ads_bottom_disp{}\r\n\t<\/style>\n<div class=\"wp-block-image\"><figure class=\"alignright\"><img loading=\"lazy\" width=\"320\" height=\"213\" src=\"http:\/\/aucapvert.com\/wp-content\/uploads\/2019\/04\/Mindelo-Baia.jpg\" alt=\"Baia das Gatas\" class=\"wp-image-262\" srcset=\"http:\/\/aucapvert.com\/wp-content\/uploads\/2019\/04\/Mindelo-Baia.jpg 320w, http:\/\/aucapvert.com\/wp-content\/uploads\/2019\/04\/Mindelo-Baia-300x200.jpg 300w, http:\/\/aucapvert.com\/wp-content\/uploads\/2019\/04\/Mindelo-Baia-225x150.jpg 225w\" sizes=\"(max-width: 320px) 100vw, 320px\" \/><figcaption>Baia das Gatas<\/figcaption><\/figure><\/div>\n\n\n\n<ul><li><a href=\"https:\/\/www.airbnb.fr\/rooms\/15844704?location=Ba%C3%ADa%20das%20Gatas%2C%20Cap%20Vert&amp;adults=1&amp;check_in=2019-03-22&amp;check_out=2019-03-25&amp;guests=1&amp;s=Ug4kgaQT\" target=\"_blank\" rel=\"noreferrer noopener\" aria-label=\" (s\u2019ouvre dans un nouvel onglet)\">A 4h30 heures de Paris \u00e0 l\u2019\u00cele du Cap-Vert, S\u00e3o Vicente Baia das Gatas, Casa Vermelha accueil possible 10 voyageurs, comprenant ; 5 chambres, 6 lits, 5 salles de bains, salon de 80 m2 ouvert sur cuisine, piscine, Wifi, \u00e0 200 m\u00e8tres de la plage. En prime pendant le mois d\u2019aout vous avez \u00e0 votre disposition le festival de Baia das Gatas en premi\u00e8re loge pour les f\u00eatards. Contact: +238 991 63 55<\/a><\/li><li><\/li><\/ul>\n\n\n\n<p><\/p>\n","protected":false},"excerpt":{"rendered":"<p>A 4h30 heures de Paris \u00e0 l\u2019\u00cele du Cap-Vert, S\u00e3o Vicente Baia das Gatas, Casa Vermelha accueil possible 10 voyageurs, comprenant ; 5 chambres, 6 lits, 5 salles de bains, salon de 80 m2 ouvert sur cuisine, piscine, Wifi, \u00e0 200 m\u00e8tres de la plage. En prime pendant le mois d\u2019aout vous avez \u00e0 votre [&hellip;]<\/p>\n","protected":false},"author":1,"featured_media":262,"parent":79,"menu_order":0,"comment_status":"closed","ping_status":"closed","template":"","meta":[],"_links":{"self":[{"href":"http:\/\/aucapvert.com\/index.php?rest_route=\/wp\/v2\/pages\/323"}],"collection":[{"href":"http:\/\/aucapvert.com\/index.php?rest_route=\/wp\/v2\/pages"}],"about":[{"href":"http:\/\/aucapvert.com\/index.php?rest_route=\/wp\/v2\/types\/page"}],"author":[{"embeddable":true,"href":"http:\/\/aucapvert.com\/index.php?rest_route=\/wp\/v2\/users\/1"}],"replies":[{"embeddable":true,"href":"http:\/\/aucapvert.com\/index.php?rest_route=%2Fwp%2Fv2%2Fcomments&post=323"}],"version-history":[{"count":6,"href":"http:\/\/aucapvert.com\/index.php?rest_route=\/wp\/v2\/pages\/323\/revisions"}],"predecessor-version":[{"id":546,"href":"http:\/\/aucapvert.com\/index.php?rest_route=\/wp\/v2\/pages\/323\/revisions\/546"}],"up":[{"embeddable":true,"href":"http:\/\/aucapvert.com\/index.php?rest_route=\/wp\/v2\/pages\/79"}],"wp:featuredmedia":[{"embeddable":true,"href":"http:\/\/aucapvert.com\/index.php?rest_route=\/wp\/v2\/media\/262"}],"wp:attachment":[{"href":"http:\/\/aucapvert.com\/index.php?rest_route=%2Fwp%2Fv2%2Fmedia&parent=323"}],"curies":[{"name":"wp","href":"https:\/\/api.w.org\/{rel}","templated":true}]}}