{"id":48,"date":"2021-02-12T20:40:34","date_gmt":"2021-02-12T19:40:34","guid":{"rendered":"http:\/\/aucapvert.com\/?page_id=48"},"modified":"2021-02-11T15:23:28","modified_gmt":"2021-02-11T14:23:28","slug":"population","status":"publish","type":"page","link":"http:\/\/aucapvert.com\/?page_id=48","title":{"rendered":"Population"},"content":{"rendered":"<style type=\"text\/css\">\r\n\t.ads_top_disp{}\r\n\t.ads_top_corner_disp{ float:left; margin:0px 10px 10px 0px; }\r\n\t.ads_first_p_disp{}\r\n\t.ads_bottom_disp{}\r\n\t<\/style>\n<div class=\"wp-block-image\"><figure class=\"alignright is-resized\"><img loading=\"lazy\" src=\"http:\/\/aucapvert.com\/wp-content\/uploads\/2019\/04\/arsacv_21-680x1024.jpg\" alt=\"\" class=\"wp-image-244\" width=\"340\" height=\"512\" srcset=\"http:\/\/aucapvert.com\/wp-content\/uploads\/2019\/04\/arsacv_21.jpg 680w, http:\/\/aucapvert.com\/wp-content\/uploads\/2019\/04\/arsacv_21-199x300.jpg 199w, http:\/\/aucapvert.com\/wp-content\/uploads\/2019\/04\/arsacv_21-100x150.jpg 100w, http:\/\/aucapvert.com\/wp-content\/uploads\/2019\/04\/arsacv_21-465x700.jpg 465w\" sizes=\"(max-width: 340px) 100vw, 340px\" \/><\/figure><\/div>\n\n\n\n<p><strong>La\npopulation, selon les donn\u00e9es de l\u2019INSEE (Institut National de Statistique et\ndes Etudes Economiques),<\/strong> issues du dernier recensement\nr\u00e9alis\u00e9 en 2020, la population r\u00e9sidant au Cap-Vert est de&nbsp;583&nbsp;255\nhabitants. C\u2019est une population jeune :&nbsp;32,6 % des individus ont moins de\n14 ans, 61,9% de15 \u00e0 64 ans et 5,6%&nbsp;+ de 65 &nbsp;ans.<br>\nLa densit\u00e9 des habitants est de 129,8 par kilom\u00e8tre carr\u00e9 et 53% des\nCapverdiens vivent dans le milieu urbain. Les Capverdiens de la diaspora\nd\u00e9passent le nombre d&rsquo;habitants de la terre indig\u00e8ne en se chiffrant en plus de\n600 mille personnes.<br>\nEn ce qui concerne l\u2019\u00e9ducation, le milieu urbain enregistre une plus grande\nfr\u00e9quentation des \u00e9tablissements scolaires, environ 95 %. Le taux de\nscolarisation est de 88% de 6 \u00e0 14 ans (Enseignement de Base Obligatoire), et\nde 78% au niveau de l\u2019Enseignement secondaire (12 \u00e0 17 ans).&nbsp; Le taux d\u2019an\nalphab\u00e9tisation est en baisse : il est pass\u00e9 \u00e0 21.3 % en 2012. Quant \u00e0 la\nsant\u00e9, la couverture sanitaire est bonne et il n\u2019existe pas de maladies end\u00e9miques\nou tropicales. Aucune vaccination n\u2019est n\u00e9cessaire pour entrer dans le pays.\nD&rsquo;autre part, le croisement v\u00e9rifi\u00e9 entre des noirs et des blancs depuis le\nd\u00e9but du peuplement de l&rsquo;archipel, a donn\u00e9 lieu \u00e0 une nouvelle race avec une\nforte identit\u00e9 culturelle. Le processus de formation sociale capverdien s&rsquo;est\nop\u00e9r\u00e9 plus pour une africanisation de l&rsquo;Europ\u00e9en que pour une europ\u00e9anisation\nde l&rsquo;Afrique.<br>\nAujourd&rsquo;hui, environ 70% de la population est m\u00e9tisse, 28%&nbsp; noire et 2%\nblanche. Aussi le Cap Vert n&rsquo;a pas de maladies contagieuses ni de maladies\ntropicales end\u00e9miques et comme tel, il n&rsquo;est pas n\u00e9cessaire de prendre des\npr\u00e9cautions m\u00e9dicales ni de vaccinations pour entrer dans le pays.<\/p>\n","protected":false},"excerpt":{"rendered":"<p>La population, selon les donn\u00e9es de l\u2019INSEE (Institut National de Statistique et des Etudes Economiques), issues du dernier recensement r\u00e9alis\u00e9 en 2020, la population r\u00e9sidant au Cap-Vert est de&nbsp;583&nbsp;255 habitants. C\u2019est une population jeune :&nbsp;32,6 % des individus ont moins de 14 ans, 61,9% de15 \u00e0 64 ans et 5,6%&nbsp;+ de 65 &nbsp;ans. La densit\u00e9 [&hellip;]<\/p>\n","protected":false},"author":1,"featured_media":244,"parent":0,"menu_order":3,"comment_status":"closed","ping_status":"closed","template":"front-page.php","meta":[],"_links":{"self":[{"href":"http:\/\/aucapvert.com\/index.php?rest_route=\/wp\/v2\/pages\/48"}],"collection":[{"href":"http:\/\/aucapvert.com\/index.php?rest_route=\/wp\/v2\/pages"}],"about":[{"href":"http:\/\/aucapvert.com\/index.php?rest_route=\/wp\/v2\/types\/page"}],"author":[{"embeddable":true,"href":"http:\/\/aucapvert.com\/index.php?rest_route=\/wp\/v2\/users\/1"}],"replies":[{"embeddable":true,"href":"http:\/\/aucapvert.com\/index.php?rest_route=%2Fwp%2Fv2%2Fcomments&post=48"}],"version-history":[{"count":5,"href":"http:\/\/aucapvert.com\/index.php?rest_route=\/wp\/v2\/pages\/48\/revisions"}],"predecessor-version":[{"id":549,"href":"http:\/\/aucapvert.com\/index.php?rest_route=\/wp\/v2\/pages\/48\/revisions\/549"}],"wp:featuredmedia":[{"embeddable":true,"href":"http:\/\/aucapvert.com\/index.php?rest_route=\/wp\/v2\/media\/244"}],"wp:attachment":[{"href":"http:\/\/aucapvert.com\/index.php?rest_route=%2Fwp%2Fv2%2Fmedia&parent=48"}],"curies":[{"name":"wp","href":"https:\/\/api.w.org\/{rel}","templated":true}]}}