{"id":59,"date":"2021-02-11T15:01:31","date_gmt":"2021-02-11T14:01:31","guid":{"rendered":"http:\/\/aucapvert.com\/?page_id=59"},"modified":"2021-02-11T15:01:31","modified_gmt":"2021-02-11T14:01:31","slug":"brava","status":"publish","type":"page","link":"http:\/\/aucapvert.com\/?page_id=59","title":{"rendered":"Brava"},"content":{"rendered":"<style type=\"text\/css\">\r\n\t.ads_top_disp{}\r\n\t.ads_top_corner_disp{ float:left; margin:0px 10px 10px 0px; }\r\n\t.ads_first_p_disp{}\r\n\t.ads_bottom_disp{}\r\n\t<\/style>\n<figure class=\"wp-block-table\"><table><tbody><tr><td>   <strong>L\u2019Ile   de Brava, la plus petite des \u00eeles habit\u00e9es de   l\u2019Archipel<\/strong> a une superficie de 64 km2 avec une   longueur maximum de 9 km&nbsp;; elle est aussi l\u2019une des plus montagneuses,   avec un relief tr\u00e8s accentu\u00e9, des vall\u00e9es profondes et abruptes et dont la   plus haute altitude, le Pico de Fontainhas, est de 976 m\u00e8tres. Sa c\u00f4te   tr\u00e8s escarp\u00e9e, abrite beaucoup de baies. <br>   Elle est aussi une des \u00eeles les plus humides de l\u2019Archipel, ce qui fait   qu\u2019elle soit connue sous le nom de \u00ab l\u2019\u00eele des Fleurs \u00bb, par   l\u2019abondance et la vari\u00e9t\u00e9 des esp\u00e8ces existantes. L\u2019\u00eele a commenc\u00e9 \u00e0 \u00eatre   r\u00e9ellement peupl\u00e9e \u00e0 partir de 1620 \u00e0 la suite des fr\u00e9quentes \u00e9ruptions   volcaniques de l\u2019\u00eele de Fogo, qui se trouve \u00e0 20 km. Beaucoup d\u2019habitants   de cette \u00eele sont donc venus habiter &nbsp;Brava, surtout apr\u00e8s la grande   \u00e9ruption de 1680.La s\u00e9cheresse a \u00e9t\u00e9 l\u2019une des causes de l\u2019\u00e9migration, et \u00e0   la fin du XVIIIe si\u00e8cle, les baleiniers originaires des Etats-Unis qui   s\u2019arr\u00eataient dans l\u2019\u00eele pour se ravitailler, ont embauch\u00e9&nbsp; les habitants   lesquels \u00e9taient r\u00e9put\u00e9s pour \u00eatre de bons marins. Beaucoup d\u2019entre eux ont   fini par s\u2019\u00e9tablir aux Etats-Unis et conjointement avec les \u00e9migrants de   l\u2019\u00eele de Fogo ont form\u00e9 ce que aujourd\u2019hui est consid\u00e9r\u00e9e comme la plus grande   communaut\u00e9 cap-verdienne \u00e0 l\u2019ext\u00e9rieur. L\u2019activit\u00e9 \u00e9conomique du pass\u00e9   incluait l\u2019extraction de l\u2019urzela, l\u2019agriculture et la p\u00eache, les deux   derni\u00e8res sont jusqu\u2019\u00e0 aujourd\u2019hui des activit\u00e9s importantes, auxquelles se   joignent les aides p\u00e9cuniaires \u00e0 leurs parents des ressortissants cap-verdiens   aux Etats-Unis.&nbsp;    <\/td><\/tr><\/tbody><\/table><\/figure>\n\n\n\n<div class=\"wp-block-image\"><figure class=\"aligncenter\"><img loading=\"lazy\" width=\"500\" height=\"375\" src=\"http:\/\/aucapvert.com\/wp-content\/uploads\/2019\/04\/brava-bahia.jpg\" alt=\"\" class=\"wp-image-227\" srcset=\"http:\/\/aucapvert.com\/wp-content\/uploads\/2019\/04\/brava-bahia.jpg 500w, http:\/\/aucapvert.com\/wp-content\/uploads\/2019\/04\/brava-bahia-300x225.jpg 300w, http:\/\/aucapvert.com\/wp-content\/uploads\/2019\/04\/brava-bahia-200x150.jpg 200w\" sizes=\"(max-width: 500px) 100vw, 500px\" \/><\/figure><\/div>\n\n\n\n<p><strong>Comment y arriver&nbsp;<\/strong><strong><br>\n<\/strong>Le port se trouve \u00e0 Furna et,\nactuellement, le bateau est la seule fa\u00e7on d\u2019y acc\u00e9der, des autres \u00eeles.<\/p>\n","protected":false},"excerpt":{"rendered":"<p>L\u2019Ile de Brava, la plus petite des \u00eeles habit\u00e9es de l\u2019Archipel a une superficie de 64 km2 avec une longueur maximum de 9 km&nbsp;; elle est aussi l\u2019une des plus montagneuses, avec un relief tr\u00e8s accentu\u00e9, des vall\u00e9es profondes et abruptes et dont la plus haute altitude, le Pico de Fontainhas, est de 976 m\u00e8tres. [&hellip;]<\/p>\n","protected":false},"author":1,"featured_media":227,"parent":50,"menu_order":1,"comment_status":"closed","ping_status":"closed","template":"","meta":[],"_links":{"self":[{"href":"http:\/\/aucapvert.com\/index.php?rest_route=\/wp\/v2\/pages\/59"}],"collection":[{"href":"http:\/\/aucapvert.com\/index.php?rest_route=\/wp\/v2\/pages"}],"about":[{"href":"http:\/\/aucapvert.com\/index.php?rest_route=\/wp\/v2\/types\/page"}],"author":[{"embeddable":true,"href":"http:\/\/aucapvert.com\/index.php?rest_route=\/wp\/v2\/users\/1"}],"replies":[{"embeddable":true,"href":"http:\/\/aucapvert.com\/index.php?rest_route=%2Fwp%2Fv2%2Fcomments&post=59"}],"version-history":[{"count":4,"href":"http:\/\/aucapvert.com\/index.php?rest_route=\/wp\/v2\/pages\/59\/revisions"}],"predecessor-version":[{"id":538,"href":"http:\/\/aucapvert.com\/index.php?rest_route=\/wp\/v2\/pages\/59\/revisions\/538"}],"up":[{"embeddable":true,"href":"http:\/\/aucapvert.com\/index.php?rest_route=\/wp\/v2\/pages\/50"}],"wp:featuredmedia":[{"embeddable":true,"href":"http:\/\/aucapvert.com\/index.php?rest_route=\/wp\/v2\/media\/227"}],"wp:attachment":[{"href":"http:\/\/aucapvert.com\/index.php?rest_route=%2Fwp%2Fv2%2Fmedia&parent=59"}],"curies":[{"name":"wp","href":"https:\/\/api.w.org\/{rel}","templated":true}]}}