{"id":63,"date":"2021-02-11T15:03:42","date_gmt":"2021-02-11T14:03:42","guid":{"rendered":"http:\/\/aucapvert.com\/?page_id=63"},"modified":"2021-02-11T15:03:42","modified_gmt":"2021-02-11T14:03:42","slug":"63-2","status":"publish","type":"page","link":"http:\/\/aucapvert.com\/?page_id=63","title":{"rendered":"Maio"},"content":{"rendered":"<style type=\"text\/css\">\r\n\t.ads_top_disp{}\r\n\t.ads_top_corner_disp{ float:left; margin:0px 10px 10px 0px; }\r\n\t.ads_first_p_disp{}\r\n\t.ads_bottom_disp{}\r\n\t<\/style>\n<p><strong>Comment y arriver,<\/strong> l\u2019\u00eele de\nMaio se trouve \u00e0 25 km\nde Santiago et la dur\u00e9e du vol est de 10 minutes. L\u2019a\u00e9roport et le port de\nl\u2019\u00eele se situent \u00e0 Vila de Maio.<\/p>\n\n\n\n<div class=\"wp-block-image\"><figure class=\"alignright is-resized\"><img loading=\"lazy\" src=\"http:\/\/aucapvert.com\/wp-content\/uploads\/2019\/04\/sao-nicolau_4-.jpg\" alt=\"\" class=\"wp-image-241\" width=\"375\" height=\"281\" srcset=\"http:\/\/aucapvert.com\/wp-content\/uploads\/2019\/04\/sao-nicolau_4-.jpg 500w, http:\/\/aucapvert.com\/wp-content\/uploads\/2019\/04\/sao-nicolau_4--300x225.jpg 300w, http:\/\/aucapvert.com\/wp-content\/uploads\/2019\/04\/sao-nicolau_4--200x150.jpg 200w\" sizes=\"(max-width: 375px) 100vw, 375px\" \/><\/figure><\/div>\n\n\n\n<p><strong>L\u2019Ile de\nMaio, <\/strong>ferme l\u2019ensemble des \u00eeles, la plus plates du Cap Vert. Peu de\nvestiges subsistent de son origine volcanique et sa plus grande altitude est le\nMonte Ponoso avec 436\n m\u00e8tres. Sa superficie est de 269 km2 et a 24 km de long dans le sens\nnord\/sud et 16 km\ndans le sens est\/ouest. D\u00e9couverte en 1460, elle a \u00e9t\u00e9 destin\u00e9e \u00e0 l\u2019\u00e9levage du\nb\u00e9tail, en particulier celui des ch\u00e8vres. Son peuplement a d\u00e9but\u00e9 au XVIe\nsi\u00e8cle, avec l\u2019exploitation du sel export\u00e9 vers le Br\u00e9sil, activit\u00e9 qui s\u2019est\nmaintenue jusqu\u2019au XIXe si\u00e8cle. Comme pour les \u00eeles de Sal et de Boa Vista, le\nclimat est tr\u00e8s aride et il existe peu de terres irrigu\u00e9es, mais un plan de\nreboisement de l\u2019\u00eele a \u00e9t\u00e9 con\u00e7u, principalement avec des acacias, ce qui fait\nactuellement de l\u2019\u00eele de Maio, le plus grand parc forestier de l\u2019Archipel, avec\nses 3.500 hectares.\nL\u2019\u00eele a de tr\u00e8s jolies plages de sable blanc courant vers la mer bleue et ses\nhabitants sont simples et hospitaliers.&nbsp;<\/p>\n","protected":false},"excerpt":{"rendered":"<p>Comment y arriver, l\u2019\u00eele de Maio se trouve \u00e0 25 km de Santiago et la dur\u00e9e du vol est de 10 minutes. L\u2019a\u00e9roport et le port de l\u2019\u00eele se situent \u00e0 Vila de Maio. L\u2019Ile de Maio, ferme l\u2019ensemble des \u00eeles, la plus plates du Cap Vert. Peu de vestiges subsistent de son origine volcanique [&hellip;]<\/p>\n","protected":false},"author":1,"featured_media":241,"parent":50,"menu_order":3,"comment_status":"closed","ping_status":"closed","template":"","meta":[],"_links":{"self":[{"href":"http:\/\/aucapvert.com\/index.php?rest_route=\/wp\/v2\/pages\/63"}],"collection":[{"href":"http:\/\/aucapvert.com\/index.php?rest_route=\/wp\/v2\/pages"}],"about":[{"href":"http:\/\/aucapvert.com\/index.php?rest_route=\/wp\/v2\/types\/page"}],"author":[{"embeddable":true,"href":"http:\/\/aucapvert.com\/index.php?rest_route=\/wp\/v2\/users\/1"}],"replies":[{"embeddable":true,"href":"http:\/\/aucapvert.com\/index.php?rest_route=%2Fwp%2Fv2%2Fcomments&post=63"}],"version-history":[{"count":5,"href":"http:\/\/aucapvert.com\/index.php?rest_route=\/wp\/v2\/pages\/63\/revisions"}],"predecessor-version":[{"id":541,"href":"http:\/\/aucapvert.com\/index.php?rest_route=\/wp\/v2\/pages\/63\/revisions\/541"}],"up":[{"embeddable":true,"href":"http:\/\/aucapvert.com\/index.php?rest_route=\/wp\/v2\/pages\/50"}],"wp:featuredmedia":[{"embeddable":true,"href":"http:\/\/aucapvert.com\/index.php?rest_route=\/wp\/v2\/media\/241"}],"wp:attachment":[{"href":"http:\/\/aucapvert.com\/index.php?rest_route=%2Fwp%2Fv2%2Fmedia&parent=63"}],"curies":[{"name":"wp","href":"https:\/\/api.w.org\/{rel}","templated":true}]}}