{"id":73,"date":"2021-02-11T15:05:23","date_gmt":"2021-02-11T14:05:23","guid":{"rendered":"http:\/\/aucapvert.com\/?page_id=73"},"modified":"2021-02-11T15:05:23","modified_gmt":"2021-02-11T14:05:23","slug":"sao-nicolau","status":"publish","type":"page","link":"http:\/\/aucapvert.com\/?page_id=73","title":{"rendered":"S\u00e3o Nicolau"},"content":{"rendered":"<style type=\"text\/css\">\r\n\t.ads_top_disp{}\r\n\t.ads_top_corner_disp{ float:left; margin:0px 10px 10px 0px; }\r\n\t.ads_first_p_disp{}\r\n\t.ads_bottom_disp{}\r\n\t<\/style>\n<div class=\"wp-block-image\"><figure class=\"alignright is-resized\"><img loading=\"lazy\" src=\"http:\/\/aucapvert.com\/wp-content\/uploads\/2019\/04\/Maio.jpg\" alt=\"\" class=\"wp-image-234\" width=\"375\" height=\"250\" srcset=\"http:\/\/aucapvert.com\/wp-content\/uploads\/2019\/04\/Maio.jpg 500w, http:\/\/aucapvert.com\/wp-content\/uploads\/2019\/04\/Maio-300x200.jpg 300w, http:\/\/aucapvert.com\/wp-content\/uploads\/2019\/04\/Maio-225x150.jpg 225w\" sizes=\"(max-width: 375px) 100vw, 375px\" \/><\/figure><\/div>\n\n\n\n<p><strong>Comment y arriver<\/strong> <br>\nS\u00e3o Nicolau a un a\u00e9rodrome \u00e0 Pregui\u00e7a qui accueille des vols en provenance des\nautres \u00eeles. Le port de l\u2019\u00eele est situ\u00e9 au village de Tarrafal.<\/p>\n\n\n\n<figure class=\"wp-block-table alignright\"><table><tbody><tr><td>\n  <strong>S\u00e3o\n  Nicolau <\/strong><strong>plac\u00e9e au nord de l\u2019Archipel,<\/strong> l\u2019\u00eele a une superficie de 343 km2. Sa largeur maximum 25 km dans le sens nord\/sud\n  et environ 50 km\n  de long dans le sens est\/ouest. C\u2019est une \u00eele au pass\u00e9 volcanique tr\u00e8s actif,\n  ce qui lui donne sa forme actuelle et comme S\u00e3o Ant\u00e3o, elle est charmante et\n  majestueuse avec un relief tr\u00e8s accentu\u00e9. Le Monte Gordo, de 1304 m\u00e8tres, est son\n  point le plus haut, o\u00f9 confluent deux massifs montagneux. <br>\n  Les vall\u00e9es sont, en r\u00e8gle g\u00e9n\u00e9rale, \u00e9troites et profondes, \u00e0 l\u2019exception de\n  Vale de Faj\u00e3, suffisamment large pour le d\u00e9veloppement d\u2019activit\u00e9s agricoles.\n  Elle a commenc\u00e9 \u00e0 \u00eatre peupl\u00e9e au XVII e si\u00e8cle apr\u00e8s Santiago et Fogo. Avec\n  Santo Ant\u00e3o, \u00e9taient les trois \u00eeles o\u00f9 il y avait le plus d\u2019eau, et, en\n  cons\u00e9quence, le plus de potentialit\u00e9s agricoles et d\u2019\u00e9levage de b\u00e9tail. <br>\n  Pendant des ann\u00e9es, S\u00e3o Nicolau a \u00e9t\u00e9 le centre de l\u2019intellectualit\u00e9\n  capverdienne, et aussi le berceau du mouvement litt\u00e9raire\u00bbClaridade\u00bb, un\n  symbole pour les litt\u00e9ratures capverdiennes, repr\u00e9sent\u00e9e par des artistes\n  tels que Baltasar Lopez, Manuel\n   Lopes, Jo\u00e3o Lopes et Jorge Barbosa en 1936. \n  <\/td><\/tr><\/tbody><\/table><\/figure>\n","protected":false},"excerpt":{"rendered":"<p>Comment y arriver S\u00e3o Nicolau a un a\u00e9rodrome \u00e0 Pregui\u00e7a qui accueille des vols en provenance des autres \u00eeles. Le port de l\u2019\u00eele est situ\u00e9 au village de Tarrafal. S\u00e3o Nicolau plac\u00e9e au nord de l\u2019Archipel, l\u2019\u00eele a une superficie de 343 km2. Sa largeur maximum 25 km dans le sens nord\/sud et environ 50 [&hellip;]<\/p>\n","protected":false},"author":1,"featured_media":243,"parent":50,"menu_order":7,"comment_status":"closed","ping_status":"closed","template":"","meta":[],"_links":{"self":[{"href":"http:\/\/aucapvert.com\/index.php?rest_route=\/wp\/v2\/pages\/73"}],"collection":[{"href":"http:\/\/aucapvert.com\/index.php?rest_route=\/wp\/v2\/pages"}],"about":[{"href":"http:\/\/aucapvert.com\/index.php?rest_route=\/wp\/v2\/types\/page"}],"author":[{"embeddable":true,"href":"http:\/\/aucapvert.com\/index.php?rest_route=\/wp\/v2\/users\/1"}],"replies":[{"embeddable":true,"href":"http:\/\/aucapvert.com\/index.php?rest_route=%2Fwp%2Fv2%2Fcomments&post=73"}],"version-history":[{"count":3,"href":"http:\/\/aucapvert.com\/index.php?rest_route=\/wp\/v2\/pages\/73\/revisions"}],"predecessor-version":[{"id":543,"href":"http:\/\/aucapvert.com\/index.php?rest_route=\/wp\/v2\/pages\/73\/revisions\/543"}],"up":[{"embeddable":true,"href":"http:\/\/aucapvert.com\/index.php?rest_route=\/wp\/v2\/pages\/50"}],"wp:featuredmedia":[{"embeddable":true,"href":"http:\/\/aucapvert.com\/index.php?rest_route=\/wp\/v2\/media\/243"}],"wp:attachment":[{"href":"http:\/\/aucapvert.com\/index.php?rest_route=%2Fwp%2Fv2%2Fmedia&parent=73"}],"curies":[{"name":"wp","href":"https:\/\/api.w.org\/{rel}","templated":true}]}}