{"id":93,"date":"2021-02-12T19:34:18","date_gmt":"2021-02-12T18:34:18","guid":{"rendered":"http:\/\/aucapvert.com\/?page_id=93"},"modified":"2021-02-11T14:56:18","modified_gmt":"2021-02-11T13:56:18","slug":"fogo","status":"publish","type":"page","link":"http:\/\/aucapvert.com\/?page_id=93","title":{"rendered":"Fogo"},"content":{"rendered":"<style type=\"text\/css\">\r\n\t.ads_top_disp{}\r\n\t.ads_top_corner_disp{ float:left; margin:0px 10px 10px 0px; }\r\n\t.ads_first_p_disp{}\r\n\t.ads_bottom_disp{}\r\n\t<\/style>\n<p>Il existe plusieurs possibilit\u00e9s, pensions,\nbungalows, \u00ab&nbsp;aparth\u00f4tels&nbsp;\u00bb, et h\u00f4tels de 1 \u00e0 5 \u00e9toiles. Toutes les\n\u00eeles disposent d\u2019infrastructures pour l\u2019h\u00e9bergement des touristes. Quelques\nunit\u00e9s h\u00f4teli\u00e8res acceptent des cartes de cr\u00e9dit internationales&nbsp;; leur\nutilisation aujourd\u2019hui g\u00e9n\u00e9ralis\u00e9e dans le pays. Les devises restent le choix\nd\u2019un grand nombre de touristes ce qui n\u2019exclut pas l\u2019utilisation de traveller\u2019s\nch\u00e8ques.<\/p>\n\n\n\n<p>Le courant \u00e9lectrique est de 220 volts. Aucun adaptateur n\u2019est n\u00e9cessaire pour les appareils apport\u00e9s d\u2019Europe. Merci de nous contacter.<\/p>\n","protected":false},"excerpt":{"rendered":"<p>Il existe plusieurs possibilit\u00e9s, pensions, bungalows, \u00ab&nbsp;aparth\u00f4tels&nbsp;\u00bb, et h\u00f4tels de 1 \u00e0 5 \u00e9toiles. Toutes les \u00eeles disposent d\u2019infrastructures pour l\u2019h\u00e9bergement des touristes. Quelques unit\u00e9s h\u00f4teli\u00e8res acceptent des cartes de cr\u00e9dit internationales&nbsp;; leur utilisation aujourd\u2019hui g\u00e9n\u00e9ralis\u00e9e dans le pays. Les devises restent le choix d\u2019un grand nombre de touristes ce qui n\u2019exclut pas l\u2019utilisation de [&hellip;]<\/p>\n","protected":false},"author":1,"featured_media":0,"parent":52,"menu_order":7,"comment_status":"closed","ping_status":"closed","template":"","meta":[],"_links":{"self":[{"href":"http:\/\/aucapvert.com\/index.php?rest_route=\/wp\/v2\/pages\/93"}],"collection":[{"href":"http:\/\/aucapvert.com\/index.php?rest_route=\/wp\/v2\/pages"}],"about":[{"href":"http:\/\/aucapvert.com\/index.php?rest_route=\/wp\/v2\/types\/page"}],"author":[{"embeddable":true,"href":"http:\/\/aucapvert.com\/index.php?rest_route=\/wp\/v2\/users\/1"}],"replies":[{"embeddable":true,"href":"http:\/\/aucapvert.com\/index.php?rest_route=%2Fwp%2Fv2%2Fcomments&post=93"}],"version-history":[{"count":1,"href":"http:\/\/aucapvert.com\/index.php?rest_route=\/wp\/v2\/pages\/93\/revisions"}],"predecessor-version":[{"id":94,"href":"http:\/\/aucapvert.com\/index.php?rest_route=\/wp\/v2\/pages\/93\/revisions\/94"}],"up":[{"embeddable":true,"href":"http:\/\/aucapvert.com\/index.php?rest_route=\/wp\/v2\/pages\/52"}],"wp:attachment":[{"href":"http:\/\/aucapvert.com\/index.php?rest_route=%2Fwp%2Fv2%2Fmedia&parent=93"}],"curies":[{"name":"wp","href":"https:\/\/api.w.org\/{rel}","templated":true}]}}